{"id":196,"date":"2024-07-16T12:16:03","date_gmt":"2024-07-16T12:16:03","guid":{"rendered":"https:\/\/imep-29.arinfo-apprenants.fr\/?page_id=196"},"modified":"2026-01-23T15:16:14","modified_gmt":"2026-01-23T14:16:14","slug":"bienvenue","status":"publish","type":"page","link":"https:\/\/mp44.pro\/index.php\/bienvenue\/","title":{"rendered":"Bienvenue"},"content":{"rendered":"\t\t<div data-elementor-type=\"wp-page\" data-elementor-id=\"196\" class=\"elementor elementor-196\">\n\t\t\t\t<div class=\"elementor-element elementor-element-c03668a e-flex e-con-boxed e-con e-parent\" data-id=\"c03668a\" data-element_type=\"container\" data-e-type=\"container\">\n\t\t\t\t\t<div class=\"e-con-inner\">\n\t\t\t\t<div class=\"elementor-element elementor-element-dc91613 elementor-widget elementor-widget-heading\" data-id=\"dc91613\" data-element_type=\"widget\" data-e-type=\"widget\" data-widget_type=\"heading.default\">\n\t\t\t\t<div class=\"elementor-widget-container\">\n\t\t\t\t\t<div class=\"elementor-heading-title elementor-size-default\">MP44<\/div>\t\t\t\t<\/div>\n\t\t\t\t<\/div>\n\t\t\t\t<div class=\"elementor-element elementor-element-7707d79 elementor-drop-cap-yes elementor-widget__width-auto elementor-drop-cap-view-default elementor-widget elementor-widget-text-editor\" data-id=\"7707d79\" data-element_type=\"widget\" data-e-type=\"widget\" data-settings=\"{&quot;drop_cap&quot;:&quot;yes&quot;}\" data-widget_type=\"text-editor.default\">\n\t\t\t\t<div class=\"elementor-widget-container\">\n\t\t\t\t\t\t\t\t\t<p class=\"my-2 [&amp;+p]:mt-4 [&amp;_strong:has(+br)]:inline-block [&amp;_strong:has(+br)]:pb-2\">Bonjour,<br \/>Je m\u2019appelle Mathias Parent et je suis graphiste ind\u00e9pendant sp\u00e9cialis\u00e9 en PAO. Mon objectif est simple : mettre ma cr\u00e9ativit\u00e9 au service des entreprises et associations pour valoriser leur image et faire passer leurs messages de mani\u00e8re claire et percutante.<\/p><p class=\"my-2 [&amp;+p]:mt-4 [&amp;_strong:has(+br)]:inline-block [&amp;_strong:has(+br)]:pb-2\">Depuis longtemps passionn\u00e9 par la cr\u00e9ation graphique, j\u2019aime transformer l\u2019information en visuels attractifs, en combinant harmonieusement textes et images pour capter l\u2019attention et convaincre. Chaque projet est pour moi l\u2019occasion d\u2019aider mes clients \u00e0 se d\u00e9marquer et \u00e0 renforcer leur communication.<\/p><p class=\"my-2 [&amp;+p]:mt-4 [&amp;_strong:has(+br)]:inline-block [&amp;_strong:has(+br)]:pb-2\">Si vous souhaitez donner plus de force \u00e0 vos supports visuels, je serai ravi d\u2019\u00e9changer avec vous et de vous accompagner dans vos projets.<\/p>\t\t\t\t\t\t\t\t<\/div>\n\t\t\t\t<\/div>\n\t\t\t\t\t<\/div>\n\t\t\t\t<\/div>\n\t\t<div class=\"elementor-element elementor-element-453c0ed e-flex e-con-boxed e-con e-parent\" data-id=\"453c0ed\" data-element_type=\"container\" data-e-type=\"container\">\n\t\t\t\t\t<div class=\"e-con-inner\">\n\t\t\t\t<div class=\"elementor-element elementor-element-be291dd elementor-widget__width-initial elementor-widget elementor-widget-video\" data-id=\"be291dd\" data-element_type=\"widget\" data-e-type=\"widget\" data-settings=\"{&quot;video_type&quot;:&quot;hosted&quot;,&quot;autoplay&quot;:&quot;yes&quot;,&quot;play_on_mobile&quot;:&quot;yes&quot;,&quot;controls&quot;:&quot;yes&quot;}\" data-widget_type=\"video.default\">\n\t\t\t\t<div class=\"elementor-widget-container\">\n\t\t\t\t\t\t\t<div class=\"e-hosted-video elementor-wrapper elementor-open-inline\">\n\t\t\t\t\t<video class=\"elementor-video\" src=\"http:\/\/mp44.pro\/wp-content\/uploads\/2025\/03\/Cv-Video-Mathias-Parent-1.mp4\" autoplay=\"\" controls=\"\" playsinline=\"\" controlsList=\"nodownload\"><\/video>\n\t\t\t\t<\/div>\n\t\t\t\t\t\t<\/div>\n\t\t\t\t<\/div>\n\t\t\t\t\t<\/div>\n\t\t\t\t<\/div>\n\t\t<div class=\"elementor-element elementor-element-710ed06 e-con-full e-flex e-con e-parent\" data-id=\"710ed06\" data-element_type=\"container\" data-e-type=\"container\">\n\t\t\t\t<div class=\"elementor-element elementor-element-b9915bd elementor-widget__width-inherit elementor-widget elementor-widget-image-carousel\" data-id=\"b9915bd\" data-element_type=\"widget\" data-e-type=\"widget\" data-settings=\"{&quot;navigation&quot;:&quot;none&quot;,&quot;autoplay_speed&quot;:1000,&quot;image_spacing_custom_mobile&quot;:{&quot;unit&quot;:&quot;px&quot;,&quot;size&quot;:0,&quot;sizes&quot;:[]},&quot;_animation_mobile&quot;:&quot;zoomInUp&quot;,&quot;slides_to_show&quot;:&quot;10&quot;,&quot;autoplay&quot;:&quot;yes&quot;,&quot;pause_on_hover&quot;:&quot;yes&quot;,&quot;infinite&quot;:&quot;yes&quot;,&quot;speed&quot;:500,&quot;image_spacing_custom&quot;:{&quot;unit&quot;:&quot;px&quot;,&quot;size&quot;:20,&quot;sizes&quot;:[]},&quot;image_spacing_custom_tablet&quot;:{&quot;unit&quot;:&quot;px&quot;,&quot;size&quot;:&quot;&quot;,&quot;sizes&quot;:[]}}\" data-widget_type=\"image-carousel.default\">\n\t\t\t\t<div class=\"elementor-widget-container\">\n\t\t\t\t\t\t\t<div class=\"elementor-image-carousel-wrapper swiper\" role=\"region\" aria-roledescription=\"carousel\" aria-label=\"Carrousel d\u2019images\" dir=\"rtl\">\n\t\t\t<div class=\"elementor-image-carousel swiper-wrapper\" aria-live=\"off\">\n\t\t\t\t\t\t\t\t<div class=\"swiper-slide\" role=\"group\" aria-roledescription=\"slide\" aria-label=\"1 of 45\"><figure class=\"swiper-slide-inner\"><img decoding=\"async\" class=\"swiper-slide-image\" src=\"https:\/\/mp44.pro\/wp-content\/uploads\/2026\/01\/illustration-yellowstone-sans-signature-1-scaled.jpg\" alt=\"illustration yellowstone sans signature\" \/><\/figure><\/div><div class=\"swiper-slide\" role=\"group\" aria-roledescription=\"slide\" aria-label=\"2 of 45\"><figure class=\"swiper-slide-inner\"><img decoding=\"async\" class=\"swiper-slide-image\" src=\"https:\/\/mp44.pro\/wp-content\/uploads\/2026\/01\/back-to-the-future-1.jpg\" alt=\"back to the future\" \/><\/figure><\/div><div class=\"swiper-slide\" role=\"group\" aria-roledescription=\"slide\" aria-label=\"3 of 45\"><figure class=\"swiper-slide-inner\"><img decoding=\"async\" class=\"swiper-slide-image\" src=\"https:\/\/mp44.pro\/wp-content\/uploads\/2026\/01\/peaky-blinders-ILLUSTRATION.jpg\" alt=\"peaky blinders ILLUSTRATION\" \/><\/figure><\/div><div class=\"swiper-slide\" role=\"group\" aria-roledescription=\"slide\" aria-label=\"4 of 45\"><figure class=\"swiper-slide-inner\"><img decoding=\"async\" class=\"swiper-slide-image\" src=\"https:\/\/mp44.pro\/wp-content\/uploads\/2026\/01\/loisirs-evasion-28-scaled.jpg\" alt=\"loisirs evasion 28\" \/><\/figure><\/div><div class=\"swiper-slide\" role=\"group\" aria-roledescription=\"slide\" aria-label=\"5 of 45\"><figure class=\"swiper-slide-inner\"><img decoding=\"async\" class=\"swiper-slide-image\" src=\"http:\/\/mp44.pro\/wp-content\/uploads\/2026\/01\/band-of-brothers-illustrator-1.png\" alt=\"\" \/><\/figure><\/div><div class=\"swiper-slide\" role=\"group\" aria-roledescription=\"slide\" aria-label=\"6 of 45\"><figure class=\"swiper-slide-inner\"><img decoding=\"async\" class=\"swiper-slide-image\" src=\"https:\/\/mp44.pro\/wp-content\/uploads\/2026\/01\/carte-de-visite-copie-scaled.jpg\" alt=\"carte de visite copie\" \/><\/figure><\/div><div class=\"swiper-slide\" role=\"group\" aria-roledescription=\"slide\" aria-label=\"7 of 45\"><figure class=\"swiper-slide-inner\"><img decoding=\"async\" class=\"swiper-slide-image\" src=\"https:\/\/mp44.pro\/wp-content\/uploads\/2026\/01\/tbm-2.jpg\" alt=\"tbm\" \/><\/figure><\/div><div class=\"swiper-slide\" role=\"group\" aria-roledescription=\"slide\" aria-label=\"8 of 45\"><figure class=\"swiper-slide-inner\"><img decoding=\"async\" class=\"swiper-slide-image\" src=\"https:\/\/mp44.pro\/wp-content\/uploads\/2026\/01\/carte-de-visite-scaled.jpg\" alt=\"carte de visite\" \/><\/figure><\/div><div class=\"swiper-slide\" role=\"group\" aria-roledescription=\"slide\" aria-label=\"9 of 45\"><figure class=\"swiper-slide-inner\"><img decoding=\"async\" class=\"swiper-slide-image\" src=\"https:\/\/mp44.pro\/wp-content\/uploads\/2026\/01\/A4-Paper-PSD-Mockup-copie-scaled.jpg\" alt=\"A4 Paper PSD Mockup copie\" \/><\/figure><\/div><div class=\"swiper-slide\" role=\"group\" aria-roledescription=\"slide\" aria-label=\"10 of 45\"><figure class=\"swiper-slide-inner\"><img decoding=\"async\" class=\"swiper-slide-image\" src=\"https:\/\/mp44.pro\/wp-content\/uploads\/2026\/01\/polo-typo-blanche-scaled.jpg\" alt=\"polo typo blanche\" \/><\/figure><\/div><div class=\"swiper-slide\" role=\"group\" aria-roledescription=\"slide\" aria-label=\"11 of 45\"><figure class=\"swiper-slide-inner\"><img decoding=\"async\" class=\"swiper-slide-image\" src=\"https:\/\/mp44.pro\/wp-content\/uploads\/2026\/01\/mockup-xtrem-pro.png\" alt=\"mockup xtrem pro\" \/><\/figure><\/div><div class=\"swiper-slide\" role=\"group\" aria-roledescription=\"slide\" aria-label=\"12 of 45\"><figure class=\"swiper-slide-inner\"><img decoding=\"async\" class=\"swiper-slide-image\" src=\"https:\/\/mp44.pro\/wp-content\/uploads\/2026\/01\/affiche-anniversaire-Toma-1.jpg\" alt=\"affiche anniversaire Toma\" \/><\/figure><\/div><div class=\"swiper-slide\" role=\"group\" aria-roledescription=\"slide\" aria-label=\"13 of 45\"><figure class=\"swiper-slide-inner\"><img decoding=\"async\" class=\"swiper-slide-image\" src=\"https:\/\/mp44.pro\/wp-content\/uploads\/2026\/01\/affiche-anniversaire-Toma-15-nov-1.jpg\" alt=\"affiche anniversaire Toma 15 nov\" \/><\/figure><\/div><div class=\"swiper-slide\" role=\"group\" aria-roledescription=\"slide\" aria-label=\"14 of 45\"><figure class=\"swiper-slide-inner\"><img decoding=\"async\" class=\"swiper-slide-image\" src=\"https:\/\/mp44.pro\/wp-content\/uploads\/2026\/01\/affiche-anniversaire-Mael-2.jpg\" alt=\"WALL\u2022E\" \/><\/figure><\/div><div class=\"swiper-slide\" role=\"group\" aria-roledescription=\"slide\" aria-label=\"15 of 45\"><figure class=\"swiper-slide-inner\"><img decoding=\"async\" class=\"swiper-slide-image\" src=\"https:\/\/mp44.pro\/wp-content\/uploads\/2026\/01\/affiche-80-DDay-V4-1.jpg\" alt=\"affiche 80 DDay V4\" \/><\/figure><\/div><div class=\"swiper-slide\" role=\"group\" aria-roledescription=\"slide\" aria-label=\"16 of 45\"><figure class=\"swiper-slide-inner\"><img decoding=\"async\" class=\"swiper-slide-image\" src=\"https:\/\/mp44.pro\/wp-content\/uploads\/2026\/01\/2eme-RIMa-hommage-1.3-1.jpg\" alt=\"2\u00e8me RIMa hommage 1.3\" \/><\/figure><\/div><div class=\"swiper-slide\" role=\"group\" aria-roledescription=\"slide\" aria-label=\"17 of 45\"><figure class=\"swiper-slide-inner\"><img decoding=\"async\" class=\"swiper-slide-image\" src=\"https:\/\/mp44.pro\/wp-content\/uploads\/2026\/01\/arrowverse-copie-1.jpg\" alt=\"arrowverse copie\" \/><\/figure><\/div><div class=\"swiper-slide\" role=\"group\" aria-roledescription=\"slide\" aria-label=\"18 of 45\"><figure class=\"swiper-slide-inner\"><img decoding=\"async\" class=\"swiper-slide-image\" src=\"https:\/\/mp44.pro\/wp-content\/uploads\/2026\/01\/star_wars_1.0-scaled.jpg\" alt=\"star_wars_1.0\" \/><\/figure><\/div><div class=\"swiper-slide\" role=\"group\" aria-roledescription=\"slide\" aria-label=\"19 of 45\"><figure class=\"swiper-slide-inner\"><img decoding=\"async\" class=\"swiper-slide-image\" src=\"https:\/\/mp44.pro\/wp-content\/uploads\/2026\/01\/affiche-cine-Recupere-scaled.jpg\" alt=\"affiche cin\u00e9 [R\u00e9cup\u00e9r\u00e9]\" \/><\/figure><\/div><div class=\"swiper-slide\" role=\"group\" aria-roledescription=\"slide\" aria-label=\"20 of 45\"><figure class=\"swiper-slide-inner\"><img decoding=\"async\" class=\"swiper-slide-image\" src=\"https:\/\/mp44.pro\/wp-content\/uploads\/2026\/01\/affiche-R5-scaled.jpg\" alt=\"affiche R5\" \/><\/figure><\/div><div class=\"swiper-slide\" role=\"group\" aria-roledescription=\"slide\" aria-label=\"21 of 45\"><figure class=\"swiper-slide-inner\"><img decoding=\"async\" class=\"swiper-slide-image\" src=\"https:\/\/mp44.pro\/wp-content\/uploads\/2026\/01\/Amelie.jpg\" alt=\"Am\u00e9lie\" \/><\/figure><\/div><div class=\"swiper-slide\" role=\"group\" aria-roledescription=\"slide\" aria-label=\"22 of 45\"><figure class=\"swiper-slide-inner\"><img decoding=\"async\" class=\"swiper-slide-image\" src=\"https:\/\/mp44.pro\/wp-content\/uploads\/2026\/01\/affiche-splendid-circus-2024-copie-scaled.jpg\" alt=\"affiche splendid circus 2024 copie\" \/><\/figure><\/div><div class=\"swiper-slide\" role=\"group\" aria-roledescription=\"slide\" aria-label=\"23 of 45\"><figure class=\"swiper-slide-inner\"><img decoding=\"async\" class=\"swiper-slide-image\" src=\"https:\/\/mp44.pro\/wp-content\/uploads\/2026\/01\/flyer-1-diva-1-scaled.jpg\" alt=\"flyer 1 diva\" \/><\/figure><\/div><div class=\"swiper-slide\" role=\"group\" aria-roledescription=\"slide\" aria-label=\"24 of 45\"><figure class=\"swiper-slide-inner\"><img decoding=\"async\" class=\"swiper-slide-image\" src=\"https:\/\/mp44.pro\/wp-content\/uploads\/2026\/01\/gobelet-1.jpg\" alt=\"gobelet\" \/><\/figure><\/div><div class=\"swiper-slide\" role=\"group\" aria-roledescription=\"slide\" aria-label=\"25 of 45\"><figure class=\"swiper-slide-inner\"><img decoding=\"async\" class=\"swiper-slide-image\" src=\"https:\/\/mp44.pro\/wp-content\/uploads\/2026\/01\/beer-mug-1.0-scaled.jpg\" alt=\"beer mug 1.0\" \/><\/figure><\/div><div class=\"swiper-slide\" role=\"group\" aria-roledescription=\"slide\" aria-label=\"26 of 45\"><figure class=\"swiper-slide-inner\"><img decoding=\"async\" class=\"swiper-slide-image\" src=\"https:\/\/mp44.pro\/wp-content\/uploads\/2026\/01\/Wine_Glass_Mockup-copie-scaled.jpg\" alt=\"mockups-design.com\" \/><\/figure><\/div><div class=\"swiper-slide\" role=\"group\" aria-roledescription=\"slide\" aria-label=\"27 of 45\"><figure class=\"swiper-slide-inner\"><img decoding=\"async\" class=\"swiper-slide-image\" src=\"https:\/\/mp44.pro\/wp-content\/uploads\/2026\/01\/bloc-note-scaled.jpg\" alt=\"bloc note\" \/><\/figure><\/div><div class=\"swiper-slide\" role=\"group\" aria-roledescription=\"slide\" aria-label=\"28 of 45\"><figure class=\"swiper-slide-inner\"><img decoding=\"async\" class=\"swiper-slide-image\" src=\"https:\/\/mp44.pro\/wp-content\/uploads\/2026\/01\/magazine-ravenholm-3-1.jpg\" alt=\"magazine ravenholm 3\" \/><\/figure><\/div><div class=\"swiper-slide\" role=\"group\" aria-roledescription=\"slide\" aria-label=\"29 of 45\"><figure class=\"swiper-slide-inner\"><img decoding=\"async\" class=\"swiper-slide-image\" src=\"https:\/\/mp44.pro\/wp-content\/uploads\/2026\/01\/couverture-classic-beans-1.jpg\" alt=\"mockups-design.com\" \/><\/figure><\/div><div class=\"swiper-slide\" role=\"group\" aria-roledescription=\"slide\" aria-label=\"30 of 45\"><figure class=\"swiper-slide-inner\"><img decoding=\"async\" class=\"swiper-slide-image\" src=\"https:\/\/mp44.pro\/wp-content\/uploads\/2026\/01\/Qwetch-6-copie-scaled.jpg\" alt=\"mockups-design.com\" \/><\/figure><\/div><div class=\"swiper-slide\" role=\"group\" aria-roledescription=\"slide\" aria-label=\"31 of 45\"><figure class=\"swiper-slide-inner\"><img decoding=\"async\" class=\"swiper-slide-image\" src=\"https:\/\/mp44.pro\/wp-content\/uploads\/2026\/01\/Harmonie-verte-4-1.jpg\" alt=\"Harmonie verte 4\" \/><\/figure><\/div><div class=\"swiper-slide\" role=\"group\" aria-roledescription=\"slide\" aria-label=\"32 of 45\"><figure class=\"swiper-slide-inner\"><img decoding=\"async\" class=\"swiper-slide-image\" src=\"https:\/\/mp44.pro\/wp-content\/uploads\/2026\/01\/jeu-de-cartes-3-copie-scaled.jpg\" alt=\"jeu de cartes 3 copie\" \/><\/figure><\/div><div class=\"swiper-slide\" role=\"group\" aria-roledescription=\"slide\" aria-label=\"33 of 45\"><figure class=\"swiper-slide-inner\"><img decoding=\"async\" class=\"swiper-slide-image\" src=\"https:\/\/mp44.pro\/wp-content\/uploads\/2026\/01\/sous-clavier-mp44-scaled.jpg\" alt=\"sous clavier mp44\" \/><\/figure><\/div><div class=\"swiper-slide\" role=\"group\" aria-roledescription=\"slide\" aria-label=\"34 of 45\"><figure class=\"swiper-slide-inner\"><img decoding=\"async\" class=\"swiper-slide-image\" src=\"https:\/\/mp44.pro\/wp-content\/uploads\/2026\/01\/TICKET.jpg\" alt=\"TICKET\" \/><\/figure><\/div><div class=\"swiper-slide\" role=\"group\" aria-roledescription=\"slide\" aria-label=\"35 of 45\"><figure class=\"swiper-slide-inner\"><img decoding=\"async\" class=\"swiper-slide-image\" src=\"https:\/\/mp44.pro\/wp-content\/uploads\/2026\/01\/retour-a-la-nature-version-2.jpg\" alt=\"retour \u00e0 la nature version 2\" \/><\/figure><\/div><div class=\"swiper-slide\" role=\"group\" aria-roledescription=\"slide\" aria-label=\"36 of 45\"><figure class=\"swiper-slide-inner\"><img decoding=\"async\" class=\"swiper-slide-image\" src=\"https:\/\/mp44.pro\/wp-content\/uploads\/2026\/01\/206.jpg\" alt=\"206\" \/><\/figure><\/div><div class=\"swiper-slide\" role=\"group\" aria-roledescription=\"slide\" aria-label=\"37 of 45\"><figure class=\"swiper-slide-inner\"><img decoding=\"async\" class=\"swiper-slide-image\" src=\"https:\/\/mp44.pro\/wp-content\/uploads\/2026\/01\/happy-birthday-1.1-scaled.jpg\" alt=\"happy birthday 1.1\" \/><\/figure><\/div><div class=\"swiper-slide\" role=\"group\" aria-roledescription=\"slide\" aria-label=\"38 of 45\"><figure class=\"swiper-slide-inner\"><img decoding=\"async\" class=\"swiper-slide-image\" src=\"https:\/\/mp44.pro\/wp-content\/uploads\/2026\/01\/paper-art-copie-V6.jpg\" alt=\"paper art copie V6\" \/><\/figure><\/div><div class=\"swiper-slide\" role=\"group\" aria-roledescription=\"slide\" aria-label=\"39 of 45\"><figure class=\"swiper-slide-inner\"><img decoding=\"async\" class=\"swiper-slide-image\" src=\"https:\/\/mp44.pro\/wp-content\/uploads\/2026\/01\/poire-scaled.jpg\" alt=\"poire\" \/><\/figure><\/div><div class=\"swiper-slide\" role=\"group\" aria-roledescription=\"slide\" aria-label=\"40 of 45\"><figure class=\"swiper-slide-inner\"><img decoding=\"async\" class=\"swiper-slide-image\" src=\"https:\/\/mp44.pro\/wp-content\/uploads\/2026\/01\/mockup-facade-bluette-scaled.jpg\" alt=\"mockup facade bluette\" \/><\/figure><\/div><div class=\"swiper-slide\" role=\"group\" aria-roledescription=\"slide\" aria-label=\"41 of 45\"><figure class=\"swiper-slide-inner\"><img decoding=\"async\" class=\"swiper-slide-image\" src=\"https:\/\/mp44.pro\/wp-content\/uploads\/2026\/01\/Microworlds-V3.jpg\" alt=\"Microworlds V3\" \/><\/figure><\/div><div class=\"swiper-slide\" role=\"group\" aria-roledescription=\"slide\" aria-label=\"42 of 45\"><figure class=\"swiper-slide-inner\"><img decoding=\"async\" class=\"swiper-slide-image\" src=\"https:\/\/mp44.pro\/wp-content\/uploads\/2026\/01\/carte-anniv-scaled.jpg\" alt=\"carte anniv\" \/><\/figure><\/div><div class=\"swiper-slide\" role=\"group\" aria-roledescription=\"slide\" aria-label=\"43 of 45\"><figure class=\"swiper-slide-inner\"><img decoding=\"async\" class=\"swiper-slide-image\" src=\"https:\/\/mp44.pro\/wp-content\/uploads\/2026\/01\/coque-de-tel-scaled.jpg\" alt=\"coque de tel\" \/><\/figure><\/div><div class=\"swiper-slide\" role=\"group\" aria-roledescription=\"slide\" aria-label=\"44 of 45\"><figure class=\"swiper-slide-inner\"><img decoding=\"async\" class=\"swiper-slide-image\" src=\"https:\/\/mp44.pro\/wp-content\/uploads\/2026\/01\/boite-14-scaled.jpg\" alt=\"boite 14\" \/><\/figure><\/div><div class=\"swiper-slide\" role=\"group\" aria-roledescription=\"slide\" aria-label=\"45 of 45\"><figure class=\"swiper-slide-inner\"><img decoding=\"async\" class=\"swiper-slide-image\" src=\"https:\/\/mp44.pro\/wp-content\/uploads\/2026\/01\/impression-papi-Omer-03-scaled.jpg\" alt=\"impression papi Omer 03\" \/><\/figure><\/div>\t\t\t<\/div>\n\t\t\t\t\t\t\t\n\t\t\t\t\t\t\t\t\t<\/div>\n\t\t\t\t\t\t<\/div>\n\t\t\t\t<\/div>\n\t\t\t\t<\/div>\n\t\t\t\t<\/div>\n\t\t","protected":false},"excerpt":{"rendered":"<p>MP44 Bonjour,Je m\u2019appelle Mathias Parent et je suis graphiste ind\u00e9pendant sp\u00e9cialis\u00e9 en PAO. Mon objectif est simple : mettre ma cr\u00e9ativit\u00e9 au service des entreprises et associations pour valoriser leur image et faire passer leurs messages de mani\u00e8re claire et percutante. Depuis longtemps passionn\u00e9 par la cr\u00e9ation graphique, j\u2019aime transformer l\u2019information en visuels attractifs, en [&hellip;]<\/p>\n","protected":false},"author":1,"featured_media":0,"parent":0,"menu_order":0,"comment_status":"closed","ping_status":"closed","template":"","meta":{"footnotes":""},"class_list":["post-196","page","type-page","status-publish","hentry"],"_links":{"self":[{"href":"https:\/\/mp44.pro\/index.php\/wp-json\/wp\/v2\/pages\/196","targetHints":{"allow":["GET"]}}],"collection":[{"href":"https:\/\/mp44.pro\/index.php\/wp-json\/wp\/v2\/pages"}],"about":[{"href":"https:\/\/mp44.pro\/index.php\/wp-json\/wp\/v2\/types\/page"}],"author":[{"embeddable":true,"href":"https:\/\/mp44.pro\/index.php\/wp-json\/wp\/v2\/users\/1"}],"replies":[{"embeddable":true,"href":"https:\/\/mp44.pro\/index.php\/wp-json\/wp\/v2\/comments?post=196"}],"version-history":[{"count":162,"href":"https:\/\/mp44.pro\/index.php\/wp-json\/wp\/v2\/pages\/196\/revisions"}],"predecessor-version":[{"id":2334,"href":"https:\/\/mp44.pro\/index.php\/wp-json\/wp\/v2\/pages\/196\/revisions\/2334"}],"wp:attachment":[{"href":"https:\/\/mp44.pro\/index.php\/wp-json\/wp\/v2\/media?parent=196"}],"curies":[{"name":"wp","href":"https:\/\/api.w.org\/{rel}","templated":true}]}}